e g - 30 = -i*g. What is the greatest common factor of 6 and g?
6
Let b(y) = y**2 + 3*y + 1. Let l be b(-5). Suppose -l*m + 56 = -9*m. Calculate the greatest common factor of m and 4.
4
Let y(r) = r - 10. Let q be y(11). Let l be 34/1 - (3 - q). Suppose -2*u - 5*b = -l, 2*u + 5*b - 65 = -3*u. What is the greatest common factor of u and 77?
11
Let y be -2 + (2 - 3) + 6. Calculate the greatest common factor of y and 6.
3
Suppose 0 = 4*z + 3*i - 36 - 8, -36 = -2*z - 5*i. What is the highest common factor of 2 and z?
2
Suppose 27*d - 15*d = 120. What is the highest common divisor of 70 and d?
10
Suppose -66 - 99 = -5*j. Suppose -2*k + 5*g = -69, 2*k = 2*g + 73 - 19. What is the greatest common divisor of k and j?
11
Let l = -137 + 209. Suppose v - 3*i = -80, -2*v + 276 = -5*v - 3*i. Let n = -41 - v. What is the greatest common divisor of n and l?
24
Suppose z - 13 = 9. What is the greatest common divisor of z and 55?
11
Suppose -4*j + 5*z = -142, 4 = -3*j - 4*z + 95. What is the greatest common factor of j and 22?
11
Suppose 3*j - 8*j - 4*w + 10 = 0, -5*j - w + 25 = 0. Suppose 3*i - 6 = j, -4*i = -5*g + 44. What is the highest common divisor of 12 and g?
12
Let j be 22 + (0 - (0 - -2)). Suppose o - j = -4*o. Calculate the greatest common divisor of 10 and o.
2
Let i be (3/(-6))/((-4)/592). Let l = -47 + i. Calculate the greatest common divisor of l and 27.
27
Let u = -1 + -6. Let l = 8 + u. Let a = 7 + l. What is the highest common factor of 24 and a?
8
Let v(f) = -f**3 + 6*f**2 + 5. Let q be v(6). Calculate the highest common divisor of q and 2.
1
Suppose 9*z = 6*z + 96. What is the highest common divisor of 8 and z?
8
Let g be (-4)/(-12)*(-12)/(-2). Suppose d + d - g = 0. Calculate the highest common factor of 1 and d.
1
Let x be (-1 - -6)*(1 - -1). Suppose 4 = -o + 1. Let d be 3*(1 - o/(-9)). What is the highest common divisor of d and x?
2
Suppose -n = n + 6. Let p be 5/n*(-1 + -2). Let j be (-308)/(-20) - (-3)/p. Calculate the greatest common factor of j and 40.
8
Let z be 1 - (19 + -3)/(-4). Suppose 0 = z*g - 20 - 15. Calculate the greatest common divisor of 63 and g.
7
Let c = 3 + 0. Suppose 0 = c*j + 5*t - 96, 0 = 3*t - t. Let y = j + -21. Calculate the greatest common factor of 77 and y.
11
Suppose -u = 2*x - 109, -2*x + 654 = 5*u + 85. Calculate the highest common divisor of 5 and u.
5
Let i be (-54)/(-5) - 3/(-15). Calculate the greatest common divisor of i and 1.
1
Let y be 125/10 - 3/(-6). What is the greatest common factor of y and 91?
13
Let z = 62 - 59. What is the highest common divisor of z and 3?
3
Let k = 18 - 6. Let g = k + 2. Calculate the greatest common factor of g and 7.
7
Let s be (-3)/((-6)/(-16)) + 1. Let l = -5 - s. Suppose 5*y + 19 = -l*k, 2*y + 19 = 6*k - 3*k. Calculate the greatest common divisor of k and 21.
3
Suppose 0 = -2*h - 3*a + 126 + 152, -5*a + 286 = 2*h. Let q = h + -70. Calculate the greatest common factor of 9 and q.
9
Suppose -o - 6 = -0. Let i be 2/(2 + 9/o). Calculate the greatest common factor of i and 1.
1
Suppose 0 = 4*h - 221 - 223. Let p = 201 - h. What is the highest common factor of 36 and p?
18
Suppose -6*r - 4*f = -2*r - 560, f = 5. Suppose 100 = 5*z + 5*i, i - 15 = -2*i. Calculate the greatest common factor of z and r.
15
Suppose q - 5*q = -660. Calculate the greatest common divisor of 15 and q.
15
Suppose -2*s + 6 = -2. Suppose -s*y - y = 3*j - 37, 4*j - 2*y - 6 = 0. Let p be (j/(-12))/(1/(-15)). Calculate the highest common factor of 1 and p.
1
Let p be ((-4)/(-10))/((-4)/(-180)). Suppose 4*y = 100 + 168. Suppose y = -2*d + 391. What is the highest common divisor of d and p?
18
Let s = 84 + -78. What is the highest common divisor of 3 and s?
3
Suppose 65 = 2*a + 11. Suppose -4*x = -4*z - a - 21, 3*z = 3. Suppose -10*d = -5*d - 585. What is the greatest common divisor of d and x?
13
Let h be (3/2)/((-1)/(-2)). Suppose t - 16 = -h*t. What is the greatest common factor of t and 2?
2
Let y(d) = -d**3 + 6*d**2 + 6*d + 10. Let i be y(7). Suppose -i*o - 4 = -2*r, -2*r + 2*o = 4 - 12. What is the highest common factor of r and 40?
8
Suppose 84 = 5*a + 3*i, 0 = -a + 3*i + 6. What is the greatest common factor of a and 105?
15
Suppose 0 = -g + 5*g + 12, -5*y + g + 48 = 0. Let a be (-6)/4*(-30)/y. Let q = 14 - 13. Calculate the highest common factor of a and q.
1
Suppose -5*d - 6 = -1. Suppose 4*s - 32 = -4*s. Let h be d + 22 - s/4. Calculate the greatest common divisor of h and 160.
20
Let z = 4 + -4. Suppose m = -4*i + 64, -4*i - 176 = -z*m - 4*m. Calculate the greatest common divisor of 12 and m.
12
Suppose 0 = -2*a + 8 + 18. Suppose 0 = -s - 0*s + 107. Let r = 250 - s. Calculate the highest common factor of a and r.
13
Let k(v) = v + 3. Let y be k(-6). Let r be 12 - (-6)/(0 - y). Suppose -4*j + 148 = 36. Calculate the greatest common factor of j and r.
14
Suppose 0 = 5*y - 39 - 71. Let j = 83 + 93. Calculate the greatest common factor of y and j.
22
Suppose 2*k = 2*b - 3 - 1, 2*b + 5*k + 24 = 0. Let x = -8 - b. Let w = -1 - x. What is the highest common factor of w and 35?
5
Let j be (-2 - -1)/(3/(-24)). What is the highest common factor of 88 and j?
8
Let f(d) = 3*d**2 - d - 6. Let y be f(6). Calculate the highest common divisor of y and 16.
16
Suppose -3*s + 380 = 2*s. Let k = s - 28. Suppose 0 = -3*r + x + k, 5*x = 3*r + r - 53. Calculate the greatest common factor of 17 and r.
17
Let d be 4 + -3 + (0 - -2). Let l be d/(-1 + -2) - -13. Let a(h) = -66*h. Let f be a(-2). Calculate the highest common factor of l and f.
12
Suppose 0 = -4*y + y. Suppose -r + 3*u + y*u = 1, -3*u + 23 = r. Calculate the greatest common factor of r and 33.
11
Suppose 8 = -4*j + 64. Suppose 6*w - 3*w + 6 = 0. Let y be (-25)/w + 3/2. Calculate the greatest common factor of y and j.
14
Let q be 2/(-9) + 276/27. Suppose -4*a - q = -34. Let y be (-3*2)/3 + a. Calculate the greatest common divisor of 4 and y.
4
Let n(z) be the first derivative of z**4/4 + 5*z**3/3 - 5*z**2/2 - 5*z + 8. Let f be n(-5). What is the greatest common factor of f and 180?
20
Suppose 6*b = 21 + 33. Suppose -4*u + 11 = -p + 76, u = p - 77. Calculate the greatest common factor of p and b.
9
Let g(h) = -3*h - 20. Let c be g(-10). Calculate the greatest common divisor of c and 20.
10
Suppose -4*u + 3*s = -68, -u - 4*s + 16 = -5*s. Calculate the highest common divisor of 80 and u.
20
Let a(y) be the third derivative of 0 + 1/30*y**5 - 2*y**2 + 0*y + 1/12*y**4 - 1/3*y**3. Let r be a(-3). What is the highest common factor of r and 20?
10
Suppose -4*j + 2*r + r = -43, -17 = -j + 2*r. Let a be 89/j - (-8)/28. Let l be (-195)/(-6)*(-8)/(-10). What is the highest common divisor of l and a?
13
Let y(o) = 16*o - 8. Let q(v) = -4*v + 2. Let w(f) = -9*q(f) - 2*y(f). Let z be w(5). Let h = 0 + 2. Calculate the greatest common factor of h and z.
2
Let y(d) = -2*d + 17. Let s be y(8). Let b be s/(3*1/135). What is the highest common factor of 9 and b?
9
Suppose 2*d = -3*f + 23, -3*f = 3*d - 39 + 12. What is the highest common factor of f and 1?
1
Suppose 0 = -7*w + 3 + 11. What is the highest common factor of 3 and w?
1
Suppose n = -2*s + 4*s - 68, 2*s - 52 = -3*n. Suppose 7*r + 4*h = 3*r + s, 0 = 3*r - 2*h - 39. What is the highest common divisor of r and 44?
11
Let m(h) = 7 - 16 + 4*h + h**2 + 2. Let k = 8 - 14. Let b be m(k). Calculate the highest common divisor of 5 and b.
5
Let o(l) = l**2 + 2*l - 1. Let y be (-7)/2 + (-1)/(-2). Let t be o(y). Suppose 4*j - q - 22 = -3*q, t*q = -2. What is the greatest common divisor of j and 30?
6
Let i(q) = -q**2 - 8*q + 10. Let o be i(-9). Calculate the greatest common factor of 2 and o.
1
Let z(r) = -3*r + 1. Suppose l = 3*f - l + 15, -20 = 4*f - l. Let q be z(f). What is the greatest common divisor of 80 and q?
16
Suppose 5*m - 3*m - 20 = 0. Suppose -y + 4*y = 9. Let u be (4/m)/(y/90). What is the greatest common factor of u and 8?
4
Suppose -56 = -t - 5*y, 3*t - 4*y + 38 - 149 = 0. What is the highest common factor of 451 and t?
41
Suppose -4*q - 3*x + 36 = 0, -x - x = 4*q - 32. What is the highest common divisor of 15 and q?
3
Let u = 28 - -23. Suppose 4*a - u = a. Let s = a - 9. What is the greatest common factor of s and 20?
4
Let w = 220 + -121. Let z = -62 + 33. Let k = 40 + z. What is the greatest common divis